 37403 is divided by 32?
27
What is the remainder when 137139 is divided by 158?
153
What is the remainder when 49498 is divided by 250?
248
Calculate the remainder when 29983 is divided by 62.
37
What is the remainder when 47036 is divided by 23484?
68
What is the remainder when 51784 is divided by 9?
7
What is the remainder when 121306 is divided by 10108?
10
What is the remainder when 313455 is divided by 178?
175
What is the remainder when 5810 is divided by 167?
132
What is the remainder when 17627 is divided by 14?
1
Calculate the remainder when 3004 is divided by 97.
94
Calculate the remainder when 7111 is divided by 91.
13
What is the remainder when 1027 is divided by 171?
1
Calculate the remainder when 1522 is divided by 327.
214
What is the remainder when 263 is divided by 8?
7
What is the remainder when 15820 is divided by 4975?
895
What is the remainder when 4321 is divided by 76?
65
What is the remainder when 811798 is divided by 8?
6
Calculate the remainder when 26768 is divided by 465.
263
Calculate the remainder when 801971 is divided by 1230.
11
What is the remainder when 187733 is divided by 39?
26
What is the remainder when 14211 is divided by 7?
1
What is the remainder when 9146 is divided by 1305?
11
What is the remainder when 33024 is divided by 5503?
6
What is the remainder when 1007488 is divided by 1612?
1600
Calculate the remainder when 5717 is divided by 1764.
425
Calculate the remainder when 104621 is divided by 1688.
1653
What is the remainder when 2161 is divided by 430?
11
What is the remainder when 293217 is divided by 540?
537
What is the remainder when 22224 is divided by 11105?
14
What is the remainder when 8634 is divided by 142?
114
What is the remainder when 1253179 is divided by 268?
11
What is the remainder when 125471 is divided by 325?
21
What is the remainder when 10208 is divided by 10136?
72
Calculate the remainder when 2101 is divided by 1905.
196
What is the remainder when 47296 is divided by 1519?
207
Calculate the remainder when 6721 is divided by 671.
11
Calculate the remainder when 10265 is divided by 191.
142
Calculate the remainder when 125497 is divided by 127.
21
What is the remainder when 1795 is divided by 1780?
15
What is the remainder when 1938 is divided by 541?
315
Calculate the remainder when 868 is divided by 229.
181
What is the remainder when 12063 is divided by 75?
63
Calculate the remainder when 4185 is divided by 52.
25
What is the remainder when 10841 is divided by 3612?
5
What is the remainder when 1640992 is divided by 109?
106
What is the remainder when 2172 is divided by 254?
140
Calculate the remainder when 127319 is divided by 141.
137
Calculate the remainder when 7305976 is divided by 10.
6
What is the remainder when 6198 is divided by 771?
30
What is the remainder when 30525 is divided by 144?
141
What is the remainder when 539606 is divided by 43?
42
Calculate the remainder when 5947 is divided by 977.
85
Calculate the remainder when 136507 is divided by 581.
553
Calculate the remainder when 34849 is divided by 726.
1
What is the remainder when 4329 is divided by 1081?
5
Calculate the remainder when 10781 is divided by 251.
239
Calculate the remainder when 3009 is divided by 11.
6
Calculate the remainder when 52904 is divided by 136.
0
What is the remainder when 59601 is divided by 4256?
17
What is the remainder when 678501 is divided by 96928?
5
What is the remainder when 522944 is divided by 15?
14
Calculate the remainder when 9993 is divided by 451.
71
What is the remainder when 6307 is divided by 133?
56
What is the remainder when 127407 is divided by 7078?
3
Calculate the remainder when 34700 is divided by 11531.
107
What is the remainder when 77927 is divided by 410?
27
What is the remainder when 510817 is divided by 83?
35
Calculate the remainder when 221248 is divided by 375.
373
What is the remainder when 6409 is divided by 20?
9
What is the remainder when 2082 is divided by 31?
5
Calculate the remainder when 591293 is divided by 70.
3
Calculate the remainder when 59785 is divided by 142.
3
Calculate the remainder when 319719 is divided by 20.
19
Calculate the remainder when 31772 is divided by 96.
92
Calculate the remainder when 8096 is divided by 1696.
1312
Calculate the remainder when 3747 is divided by 413.
30
Calculate the remainder when 5688 is divided by 36.
0
Calculate the remainder when 1862414 is divided by 344.
342
Calculate the remainder when 15308 is divided by 236.
204
What is the remainder when 180 is divided by 11?
4
What is the remainder when 32658 is divided by 573?
570
What is the remainder when 2519 is divided by 751?
266
What is the remainder when 16850 is divided by 344?
338
Calculate the remainder when 24890 is divided by 300.
290
Calculate the remainder when 161916 is divided by 670.
446
Calculate the remainder when 2011 is divided by 393.
46
What is the remainder when 56896 is divided by 162?
34
What is the remainder when 1045 is divided by 110?
55
What is the remainder when 47 is divided by 33?
14
Calculate the remainder when 57892 is divided by 193.
185
Calculate the remainder when 137305 is divided by 166.
23
Calculate the remainder when 29517 is divided by 299.
215
Calculate the remainder when 4322 is divided by 617.
3
What is the remainder when 93711 is divided by 104?
7
What is the remainder when 19521 is divided by 349?
326
Calculate the remainder when 1325 is divided by 1275.
50
What is the remainder when 69691 is divided by 1315?
1311
What is the remainder when 963806 is divided by 4?
2
What is the remainder when 44819 is divided by 15?
14
What is the remainder when 650065 is divided by 33?
31
Calculate the remainder when 8770 is divided by 141.
28
Calculate the remainder when 3377 is divided by 281.
5
Calculate the remainder when 1909493 is divided by 268.
261
What is the remainder when 7173 is divided by 85?
33
What is the remainder when 35168 is divided by 434?
14
Calculate the remainder when 1772 is divided by 1744.
28
Calculate the remainder when 8861 is divided by 25.
11
What is the remainder when 5293 is divided by 93?
85
What is the remainder when 7960 is divided by 7939?
21
Calculate the remainder when 80239 is divided by 663.
16
Calculate the remainder when 39147 is divided by 87.
84
What is the remainder when 22567 is divided by 2050?
17
Calculate the remainder when 175261 is divided by 117.
112
Calculate the remainder when 112347 is divided by 343.
186
What is the remainder when 28081 is divided by 13865?
351
Calculate the remainder when 12582 is divided by 15.
12
Calculate the remainder when 7072 is divided by 773.
115
What is the remainder when 21861922 is divided by 2796?
2794
What is the remainder when 848 is divided by 153?
83
Calculate the remainder when 3922 is divided by 973.
30
Calculate the remainder when 7806 is divided by 11.
7
Calculate the remainder when 19951 is divided by 109.
4
Calculate the remainder when 55449 is divided by 23.
19
Calculate the remainder when 756684 is divided by 9008.
12
What is the remainder when 19779 is divided by 18?
15
What is the remainder when 18228 is divided by 1214?
18
Calculate the remainder when 410 is divided by 7.
4
Calculate the remainder when 129787 is divided by 21625.
37
Calculate the remainder when 1876 is divided by 636.
604
Calculate the remainder when 81839 is divided by 518.
513
What is the remainder when 171 is divided by 111?
60
Calculate the remainder when 273 is divided by 36.
21
Calculate the remainder when 56548 is divided by 56509.
39
What is the remainder when 33950 is divided by 56?
14
What is the remainder when 24625 is divided by 326?
175
What is the remainder when 8090 is divided by 1359?
1295
What is the remainder when 2509 is divided by 538?
357
What is the remainder when 13170 is divided by 1846?
248
Calculate the remainder when 16197 is divided by 96.
69
Calculate the remainder when 40484 is divided by 5059.
12
Calculate the remainder when 20214 is divided by 6735.
9
Calculate the remainder when 857 is divided by 573.
284
What is the remainder when 6633 is divided by 11?
0
Calculate the remainder when 864044 is divided by 105.
104
Calculate the remainder when 14786 is divided by 200.
186
What is the remainder when 3966 is divided by 